se 16) to base 4
2023
2 (base 16) to base 6
2
Convert -7 (base 14) to base 12.
-7
Convert -43 (base 14) to base 9.
-65
5 (base 6) to base 12
5
Convert 6 (base 7) to base 11.
6
10000 (base 3) to base 7
144
What is -4 (base 16) in base 11?
-4
What is 511 (base 8) in base 15?
16e
What is 1122 (base 5) in base 12?
116
Convert 154 (base 6) to base 14.
50
What is 0 (base 3) in base 4?
0
What is -1 (base 11) in base 16?
-1
Convert 79 (base 12) to base 10.
93
Convert e (base 15) to base 5.
24
11100 (base 2) to base 10
28
Convert 24 (base 12) to base 15.
1d
What is -57 (base 8) in base 2?
-101111
What is -13 (base 4) in base 16?
-7
What is -40 (base 6) in base 16?
-18
3 (base 5) to base 8
3
What is 204 (base 7) in base 10?
102
What is -20 (base 4) in base 10?
-8
What is 100 (base 5) in base 16?
19
Convert 13 (base 8) to base 6.
15
3 (base 8) to base 7
3
What is -20 (base 5) in base 3?
-101
What is -100 (base 2) in base 9?
-4
What is -3 (base 4) in base 8?
-3
What is 0 (base 14) in base 5?
0
What is 222 (base 8) in base 10?
146
What is 2 (base 7) in base 4?
2
Convert 110 (base 3) to base 11.
11
1030 (base 4) to base 15
51
12 (base 15) to base 2
10001
What is 4 (base 12) in base 2?
100
What is 2 (base 9) in base 8?
2
What is -35 (base 7) in base 12?
-22
1a (base 12) to base 14
18
Convert 176 (base 11) to base 16.
cc
Convert 3 (base 15) to base 4.
3
Convert 10 (base 2) to base 4.
2
-3 (base 14) to base 2
-11
-4 (base 10) to base 16
-4
Convert -a (base 15) to base 9.
-11
-14 (base 9) to base 7
-16
What is -313 (base 11) in base 8?
-571
-1 (base 7) to base 12
-1
Convert 25 (base 6) to base 2.
10001
Convert a (base 12) to base 3.
101
0 (base 13) to base 3
0
Convert 4a (base 12) to base 6.
134
2032 (base 5) to base 9
326
302 (base 6) to base 5
420
What is -11001000 (base 2) in base 16?
-c8
16 (base 16) to base 14
18
10 (base 9) to base 2
1001
Convert 2 (base 9) to base 3.
2
What is 12 (base 8) in base 14?
a
-42 (base 5) to base 14
-18
What is 63 (base 14) in base 13?
69
What is -3 (base 9) in base 5?
-3
Convert -262 (base 7) to base 3.
-12021
10 (base 4) to base 13
4
What is 6 (base 16) in base 8?
6
Convert 2 (base 13) to base 10.
2
Convert 1 (base 12) to base 4.
1
5 (base 10) to base 3
12
Convert -13 (base 11) to base 15.
-e
-9 (base 15) to base 11
-9
Convert -231 (base 6) to base 16.
-5b
-91 (base 10) to base 15
-61
Convert -1010 (base 2) to base 3.
-101
-2 (base 9) to base 14
-2
13 (base 6) to base 8
11
What is -1 (base 2) in base 10?
-1
Convert 110101 (base 2) to base 6.
125
Convert ac (base 16) to base 11.
147
Convert 10 (base 9) to base 8.
11
Convert -9 (base 13) to base 7.
-12
Convert -100 (base 2) to base 15.
-4
Convert 4 (base 10) to base 15.
4
What is -133 (base 6) in base 5?
-212
Convert 0 (base 15) to base 5.
0
Convert 1 (base 8) to base 16.
1
Convert 0 (base 16) to base 14.
0
Convert 6 (base 14) to base 15.
6
What is 1b (base 15) in base 3?
222
Convert 5 (base 10) to base 6.
5
What is -11220 (base 3) in base 8?
-204
Convert 353 (base 6) to base 16.
8d
Convert 0 (base 14) to base 4.
0
Convert -11 (base 2) to base 7.
-3
Convert -144 (base 6) to base 11.
-59
-46 (base 11) to base 13
-3b
Convert 1100110 (base 2) to base 10.
102
Convert 40 (base 10) to base 12.
34
What is -14 (base 15) in base 7?
-25
What is 6 (base 16) in base 15?
6
1110100 (base 2) to base 7
224
11 (base 3) to base 8
4
18a (base 13) to base 5
2113
What is 13 (base 15) in base 13?
15
Convert -223 (base 5) to base 14.
-47
What is -430 (base 6) in base 2?
-10100010
Convert 0 (base 8) to base 9.
0
Convert -100 (base 5) to base 15.
-1a
What is -9 (base 12) in base 6?
-13
111 (base 2) to base 9
7
-1 (base 7) to base 6
-1
Convert -3 (base 9) to base 16.
-3
-2121 (base 5) to base 6
-1154
Convert 115 (base 6) to base 3.
1202
-13 (base 13) to base 16
-10
Convert 35 (base 10) to base 16.
23
Convert -51 (base 6) to base 4.
-133
What is 0 (base 4) in base 12?
0
1 (base 2) to base 12
1
Convert 26 (base 9) to base 13.
1b
What is -37 (base 15) in base 12?
-44
Convert -231 (base 8) to base 12.
-109
What is -8 (base 12) in base 4?
-20
Convert 45 (base 10) to base 8.
55
0 (base 2) to base 15
0
What is -6 (base 14) in base 12?
-6
What is 7 (base 10) in base 15?
7
Convert 0 (base 6) to base 12.
0
Convert 6 (base 12) to base 9.
6
What is 1 (base 6) in base 10?
1
Convert 113 (base 5) to base 15.
23
What is -133 (base 5) in base 11?
-3a
What is 244 (base 6) in base 11?
91
cd (base 15) to base 2
11000001
-36 (base 9) to base 8
-41
-116 (base 9) to base 14
-6c
What is -7 (base 13) in base 7?
-10
-122 (base 3) to base 14
-13
-12 (base 6) to base 2
-1000
What is 0 (base 12) in base 13?
0
333 (base 5) to base 8
135
Convert a (base 13) to base 3.
101
What is 26 (base 9) in base 12?
20
Convert -9 (base 14) to base 7.
-12
Convert -1 (base 15) to base 3.
-1
Convert -170 (base 8) to base 9.
-143
Convert 2 (base 4) to base 12.
2
11 (base 13) to base 16
e
Convert -101 (base 14) to base 13.
-122
Convert -1b (base 12) to base 11.
-21
4 (base 13) to base 10
4
What is -1 (base 3) in base 6?
-1
-75 (base 10) to base 2
-1001011
2 (base 8) to base 9
2
What is 0 (base 15) in base 7?
0
-3 (base 12) to base 8
-3
What is -3 (base 14) in base 3?
-10
What is -12 (base 5) in base 8?
-7
-10020 (base 3) to base 15
-5c
Convert -18 (base 9) to base 15.
-12
What is -2112 (base 3) in base 7?
-125
What is 1 (base 15) in base 3?
1
Convert 1 (base 7) to base 16.
1
What is 11 (base 10) in base 15?
b
-63 (base 7) to base 5
-140
What is -102 (base 6) in base 3?
-1102
Convert -4 (base 14) to base 5.
-4
What is 110 (base 2) in base 16?
6
What is -42 (base 14) in base 8?
-72
Convert 7 (base 9) to base 15.
7
What is 6 (base 13) in base 14?
6
What is -16 (base 8) in base 4?
-32
Convert 1b (base 12) to base 13.
1a
Convert -3 (base 10) to base 8.
-3
What is 3 (base 7) in base 4?
3
Convert 405 (base 6) to base 15.
9e
Convert -6 (base 10) to base 7.
-6
2 (base 8) to base 2
10
11 (base 3) to base 13
4
What is 11 (base 3) in base 7?
4
What is -101 (base 2) in base 8?
-5
What is -2100 (base 3) in base 12?
-53
Convert 195 (base 12) to base 11.
214
Convert 2 (base 15) to base 3.
2
What is 2 (base 5) in base 12?
2
Convert -10 (base 14) to base 11.
-13
-22 (base 4) to base 14
-a
Convert 2 (base 4) to base 11.
2
1 (base 13) to base 15
1
Convert -330 (base 8) to base 5.
-1331
What is 100 (base 2) in base 5?
4
41 (base 8) to base 9
36
Convert 8 (base 16) to base 12.
8
-111 (base 4) to base 3
-210
Convert -3 (base 6) to base 3.
-10
What is 7 (base 16) in base 11?
7
-1001 (base 3) to base 5
-103
-21 (base 11) to base 16
-17
What is -5 (base 8) in base 9?
-5
What is 202 (base 7) in base 11?
91
Convert 7b (base 13) to base 5.
402
What is -1 (base 16) in base 3?
-1
Convert -10 (base 3) to base 5.
-3
Convert -14 (base 7) to base 14.
-b
Convert -6 (base 7) to base 9.
-6
-47 (base 9) to base 16
-2b
What is -41 (base 5) in base 9?
-23
Convert 7 (base 9) to base 8.
7
Convert 3 (base 8) to base 14.
3
Convert 3 (base 14) to base 10.
3
What is -1 (base 13) in base 3?
-1
-1 (base 6) to base 14
-1
-1ba (base 14) to base 7
-1023
Convert -1a (base 13) to base 9.
-25
What is -140 (base 6) in base 10?
-60
What is -302 (base 9) in base 13?
-15b
Convert -1 (base 11) to base 12.
-1
Convert -14 (base 11) to base 2.
-1111
What is -131 (base 9) in base 15?
-74
Convert 11010 (base 2) to base 16.
1a
-1 (base 9) to base 16
-1
Convert 4 (base 11) to base 5.
4
293 (base 11) to base 7
1001
0 (base 16) to base 13
0
14 (base 8) to base 6
20
What is 13 (base 8) in base 15?
b
Convert 1 (base 5) to base 11.
1
-307 (base 8) to base 6
-531
Convert 0 (base 16) to base 10.
0
Convert 2 (base 10) to base 4.
2
Convert -d (base 15) to base 13.
-10
Convert 4 (base 14) to base 6.
4
What is 11 (base 2) in base 11?
3
Convert 94 (base 11) to base 16.
67
Convert -10 (base 4) to base 13.
-4
Convert -2 (base 14) to base 10.
-2
91 (base 13) to base 12
9a
Convert 4 (base 5) to base 12.
4
What is -8 (base 15) in base 12?
-8
159 (base 14) to base 10
275
What is 0 (base 13) in base 16?
0
What is 14 (base 9) in base 16?
d
65 (base 10) to base 13
50
What is 2 (base 6) in base 13?
2
-32 (base 6) to base 14
-16
Convert 133 (base 5) to base 4.
223
Convert -57 (base 8) to base 9.
-52
1101 (base 2) to base 6
21
-102 (ba